s the remainder when 322703817 is divided by 774?
771
Calculate the remainder when 573246 is divided by 114583.
331
What is the remainder when 14310997 is divided by 12?
1
What is the remainder when 503371 is divided by 160?
11
What is the remainder when 12994693 is divided by 63?
61
What is the remainder when 5266271 is divided by 585137?
38
What is the remainder when 3106222 is divided by 477?
475
What is the remainder when 1138817 is divided by 38?
33
What is the remainder when 277763 is divided by 33905?
6523
What is the remainder when 4898950 is divided by 835?
5
What is the remainder when 21384975 is divided by 66828?
15
What is the remainder when 6262942 is divided by 1004?
994
Calculate the remainder when 628847 is divided by 62883.
17
Calculate the remainder when 449740 is divided by 27979.
2076
Calculate the remainder when 532463 is divided by 88740.
23
What is the remainder when 16975 is divided by 8441?
93
Calculate the remainder when 13830 is divided by 13605.
225
What is the remainder when 7083807 is divided by 300?
207
Calculate the remainder when 64004064 is divided by 302.
298
Calculate the remainder when 209391039 is divided by 1631.
1628
Calculate the remainder when 184658936 is divided by 186.
182
Calculate the remainder when 727680 is divided by 530.
520
Calculate the remainder when 645964 is divided by 34.
32
Calculate the remainder when 54403704 is divided by 88.
80
What is the remainder when 838414411 is divided by 67?
62
What is the remainder when 498723176 is divided by 6?
2
Calculate the remainder when 3678859 is divided by 4570.
9
What is the remainder when 1884477 is divided by 534?
525
What is the remainder when 133971396 is divided by 11164283?
0
Calculate the remainder when 1121808 is divided by 4527.
3639
Calculate the remainder when 5458436 is divided by 606492.
8
What is the remainder when 678609 is divided by 4088?
1
What is the remainder when 354644 is divided by 35456?
84
Calculate the remainder when 12040268 is divided by 325.
318
What is the remainder when 1568300 is divided by 133?
97
Calculate the remainder when 15708 is divided by 5217.
57
Calculate the remainder when 61193 is divided by 566.
65
What is the remainder when 69019932 is divided by 39?
33
Calculate the remainder when 7034136 is divided by 36.
24
Calculate the remainder when 60305148 is divided by 20101710.
18
What is the remainder when 114224 is divided by 428?
376
What is the remainder when 985474 is divided by 2079?
28
Calculate the remainder when 101468 is divided by 1080.
1028
What is the remainder when 3210501 is divided by 211?
136
What is the remainder when 23854 is divided by 7944?
22
What is the remainder when 2807085 is divided by 1720?
45
What is the remainder when 1529115 is divided by 36390?
735
What is the remainder when 3294673 is divided by 35?
18
What is the remainder when 22108838 is divided by 4283?
4275
Calculate the remainder when 47963 is divided by 15022.
2897
Calculate the remainder when 113448 is divided by 28298.
256
What is the remainder when 232029410 is divided by 6203?
6195
Calculate the remainder when 60994334 is divided by 1208.
1206
What is the remainder when 13045551 is divided by 484?
299
What is the remainder when 14933434 is divided by 194?
90
Calculate the remainder when 1032670 is divided by 36.
10
What is the remainder when 27207192 is divided by 6801795?
12
What is the remainder when 11469866 is divided by 3095?
2891
What is the remainder when 3366903 is divided by 841653?
291
Calculate the remainder when 147205709 is divided by 90.
89
Calculate the remainder when 534259913 is divided by 35.
33
What is the remainder when 4744352 is divided by 4158?
74
Calculate the remainder when 331965 is divided by 165878.
209
Calculate the remainder when 69955036 is divided by 1180.
1096
Calculate the remainder when 4312121 is divided by 287474.
11
What is the remainder when 481533 is divided by 3708?
3201
Calculate the remainder when 295531 is divided by 575.
556
What is the remainder when 23991 is divided by 146?
47
Calculate the remainder when 2536053 is divided by 1805.
28
What is the remainder when 140693485 is divided by 45?
40
What is the remainder when 876703728 is divided by 5?
3
What is the remainder when 26217115 is divided by 515?
10
What is the remainder when 2377617 is divided by 13?
8
What is the remainder when 2456599 is divided by 62983?
262
Calculate the remainder when 62161427 is divided by 1202.
1199
Calculate the remainder when 47575434 is divided by 10629.
30
What is the remainder when 136007689 is divided by 13971?
4
What is the remainder when 992602 is divided by 690?
382
Calculate the remainder when 299255 is divided by 4275.
5
What is the remainder when 1156667 is divided by 3386?
2041
Calculate the remainder when 550831 is divided by 98.
71
Calculate the remainder when 2214380 is divided by 3753.
110
Calculate the remainder when 9462161 is divided by 1892427.
26
What is the remainder when 3431565 is divided by 28360?
5
Calculate the remainder when 471277 is divided by 152.
77
Calculate the remainder when 412703 is divided by 206275.
153
Calculate the remainder when 1639605 is divided by 409897.
17
Calculate the remainder when 37548 is divided by 604.
100
Calculate the remainder when 7067068 is divided by 13.
8
What is the remainder when 860689 is divided by 418?
27
What is the remainder when 27468135 is divided by 2278?
11
What is the remainder when 273598 is divided by 1847?
242
What is the remainder when 81164684 is divided by 18?
2
What is the remainder when 3191518 is divided by 28?
22
What is the remainder when 561176 is divided by 754?
200
Calculate the remainder when 6510560 is divided by 36.
32
What is the remainder when 43878493 is divided by 705?
703
Calculate the remainder when 6294583 is divided by 82.
17
What is the remainder when 15528 is divided by 4013?
3489
Calculate the remainder when 252044 is divided by 251989.
55
What is the remainder when 15884891 is divided by 95692?
19
Calculate the remainder when 16500125 is divided by 153.
146
What is the remainder when 34196 is divided by 31661?
2535
Calculate the remainder when 232937 is divided by 472.
241
Calculate the remainder when 42553100 is divided by 27035.
10
Calculate the remainder when 301841 is divided by 516.
497
Calculate the remainder when 1274134922 is divided by 111.
110
Calculate the remainder when 31790 is divided by 465.
170
Calculate the remainder when 75022 is divided by 1766.
850
What is the remainder when 6391323 is divided by 159?
0
What is the remainder when 21762 is divided by 126?
90
What is the remainder when 7798727 is divided by 2562?
2561
Calculate the remainder when 1481581 is divided by 412.
29
What is the remainder when 66053870 is divided by 62551?
14
Calculate the remainder when 35339438 is divided by 29697.
8
Calculate the remainder when 312732207 is divided by 2793.
2790
What is the remainder when 379580 is divided by 37032?
9260
Calculate the remainder when 2470599 is divided by 823428.
315
What is the remainder when 209057 is divided by 1760?
1377
What is the remainder when 51905 is divided by 51898?
7
Calculate the remainder when 118467103 is divided by 787.
780
Calculate the remainder when 169875 is divided by 55.
35
What is the remainder when 309106 is divided by 309023?
83
What is the remainder when 7308478 is divided by 4965?
4963
Calculate the remainder when 393099 is divided by 95.
84
What is the remainder when 21036 is divided by 4799?
1840
What is the remainder when 424124092 is divided by 138?
136
What is the remainder when 58988179 is divided by 91?
68
What is the remainder when 43080120 is divided by 839?
826
What is the remainder when 71449 is divided by 22707?
3328
What is the remainder when 25826643 is divided by 1614164?
19
Calculate the remainder when 3559046 is divided by 47453.
71
What is the remainder when 248428 is divided by 81653?
3469
Calculate the remainder when 298351 is divided by 4812.
7
What is the remainder when 5892765 is divided by 1964244?
33
Calculate the remainder when 13510667 is divided by 180142.
17
What is the remainder when 11036796 is divided by 274?
76
Calculate the remainder when 13964699 is divided by 592.
11
Calculate the remainder whe